der when 14241615 is divided by 1440.
15
What is the remainder when 64641 is divided by 3595?
3526
Calculate the remainder when 58287 is divided by 1424.
1327
Calculate the remainder when 50474824 is divided by 78.
10
What is the remainder when 63548 is divided by 3099?
1568
What is the remainder when 353700 is divided by 176845?
10
Calculate the remainder when 1212276 is divided by 5802.
5460
Calculate the remainder when 67258 is divided by 568.
234
Calculate the remainder when 61287 is divided by 19698.
2193
What is the remainder when 9177 is divided by 1510?
117
Calculate the remainder when 402204031 is divided by 33.
31
Calculate the remainder when 8077 is divided by 192.
13
What is the remainder when 15437825 is divided by 30814?
11
What is the remainder when 705062 is divided by 28160?
1062
What is the remainder when 4192912 is divided by 128?
16
Calculate the remainder when 6050506 is divided by 249.
55
Calculate the remainder when 16272885 is divided by 369837.
57
What is the remainder when 8141392 is divided by 37?
23
What is the remainder when 2462770 is divided by 10?
0
Calculate the remainder when 86166 is divided by 7166.
174
What is the remainder when 14041824 is divided by 19694?
2
Calculate the remainder when 28641656 is divided by 28641646.
10
Calculate the remainder when 1296922 is divided by 1134.
760
Calculate the remainder when 252735 is divided by 2198.
2163
What is the remainder when 386035 is divided by 512?
499
What is the remainder when 10580307 is divided by 130?
127
Calculate the remainder when 15743475 is divided by 89.
87
What is the remainder when 2396398 is divided by 159755?
73
What is the remainder when 1130906 is divided by 134?
80
What is the remainder when 18380501 is divided by 1395?
1376
What is the remainder when 1385134 is divided by 3570?
3544
What is the remainder when 61294811 is divided by 705?
701
Calculate the remainder when 2553416 is divided by 212781.
44
What is the remainder when 37834059 is divided by 2422?
2419
Calculate the remainder when 14182828 is divided by 254.
230
Calculate the remainder when 10227812 is divided by 11583.
23
What is the remainder when 679502 is divided by 338215?
3072
Calculate the remainder when 819838 is divided by 204907.
210
What is the remainder when 164812 is divided by 8662?
234
Calculate the remainder when 699131 is divided by 11097.
20
Calculate the remainder when 25623487 is divided by 316.
311
Calculate the remainder when 1548484 is divided by 3593.
3494
Calculate the remainder when 32750 is divided by 60.
50
Calculate the remainder when 5029539 is divided by 44.
31
What is the remainder when 18194314 is divided by 501?
499
Calculate the remainder when 6426492 is divided by 1753.
1747
Calculate the remainder when 83650764 is divided by 289.
3
Calculate the remainder when 13141329 is divided by 13141322.
7
Calculate the remainder when 79413266 is divided by 442.
10
What is the remainder when 3609103 is divided by 24?
7
What is the remainder when 68367 is divided by 21733?
3168
What is the remainder when 6041291 is divided by 3020640?
11
Calculate the remainder when 1346753 is divided by 673247.
259
Calculate the remainder when 14503032 is divided by 84813.
9
What is the remainder when 269212447 is divided by 12?
7
What is the remainder when 3272868 is divided by 385?
368
Calculate the remainder when 414287 is divided by 4141.
187
Calculate the remainder when 17057309 is divided by 2281.
2272
What is the remainder when 210730967 is divided by 1372?
1371
What is the remainder when 46269 is divided by 4972?
1521
What is the remainder when 29393626 is divided by 7348403?
14
Calculate the remainder when 49161277 is divided by 35.
32
What is the remainder when 68526 is divided by 3634?
3114
Calculate the remainder when 299572 is divided by 1105.
117
What is the remainder when 131931 is divided by 2314?
33
Calculate the remainder when 8944703 is divided by 245.
243
What is the remainder when 7234811 is divided by 407?
386
Calculate the remainder when 158096 is divided by 447.
305
Calculate the remainder when 2104497 is divided by 573.
441
What is the remainder when 23558 is divided by 2846?
790
What is the remainder when 104117984 is divided by 26029495?
4
What is the remainder when 1273985 is divided by 90?
35
What is the remainder when 15277373 is divided by 174?
173
Calculate the remainder when 43356387 is divided by 1370.
1367
Calculate the remainder when 2303 is divided by 89.
78
What is the remainder when 175574 is divided by 3991?
3961
Calculate the remainder when 201034 is divided by 4563.
262
Calculate the remainder when 9084736 is divided by 59.
34
What is the remainder when 229679 is divided by 57412?
31
Calculate the remainder when 2469182 is divided by 8914.
4
Calculate the remainder when 9709560 is divided by 2.
0
Calculate the remainder when 1164463 is divided by 56.
55
Calculate the remainder when 2708843 is divided by 3259.
614
What is the remainder when 631994 is divided by 80?
74
What is the remainder when 701702017 is divided by 20?
17
What is the remainder when 21492887 is divided by 3070410?
17
What is the remainder when 21416177 is divided by 7138706?
59
Calculate the remainder when 1270202 is divided by 30.
2
What is the remainder when 133294 is divided by 262?
198
What is the remainder when 71570 is divided by 7034?
1230
Calculate the remainder when 1273337 is divided by 10.
7
Calculate the remainder when 20539997 is divided by 520.
517
Calculate the remainder when 7369253 is divided by 1846.
21
Calculate the remainder when 471372 is divided by 600.
372
What is the remainder when 13164608 is divided by 329115?
8
What is the remainder when 445004 is divided by 88?
76
Calculate the remainder when 419143386 is divided by 764.
762
Calculate the remainder when 844552 is divided by 17969.
9
What is the remainder when 2057682 is divided by 1428?
1362
Calculate the remainder when 14460976 is divided by 86.
76
What is the remainder when 1118033 is divided by 12203?
7560
Calculate the remainder when 116967 is divided by 3430.
347
What is the remainder when 659657 is divided by 329731?
195
Calculate the remainder when 19731404 is divided by 285.
284
What is the remainder when 291545 is divided by 52?
33
What is the remainder when 1226235 is divided by 172?
47
What is the remainder when 3457801 is divided by 31?
30
Calculate the remainder when 84035905 is divided by 323.
26
What is the remainder when 129483995 is divided by 25?
20
What is the remainder when 202866931 is divided by 33811155?
1
What is the remainder when 909721 is divided by 227138?
1169
What is the remainder when 223645 is divided by 221972?
1673
What is the remainder when 18464877 is divided by 27?
9
Calculate the remainder when 126706877 is divided by 762.
755
What is the remainder when 6297948 is divided by 50?
48
Calculate the remainder when 853102 is divided by 2225.
927
What is the remainder when 1712742 is divided by 794?
84
Calculate the remainder when 466379 is divided by 1431.
1304
Calculate the remainder when 7386 is divided by 671.
5
Calculate the remainder when 984860 is divided by 103.
77
What is the remainder when 273343 is divided by 376?
367
Calculate the remainder when 3443642 is divided by 1654.
14
What is the remainder when 117529831 is divided by 5069?
5066
What is the remainder when 59605 is divided by 2966?
285
Calculate the remainder when 2586719 is divided by 57.
2
What is the remainder when 429706 is divided by 1783?
3
Calculate the remainder when 1398029 is divided by 117.
113
What is the remainder when 118131 is divided by 58963?
205
Calculate the remainder when 190658 is divided by 8.
2
Calculate the remainder when 1184 is divided by 736.
448
Calculate the remainder when 102309 is divided by 20378.
419
What is the remainder when 3426404 is divided by 1713181?
42
What is the remainder when 27342 is divided by 7912?
3606
Calculate the remainder when 1627471 is divided by 813.
658
Calculate the remainder when 5123717 is divided by 5123716.
1
Calculate the remainder when 478495 is divided by 15435.
10
What is the remainder when 3746980 is divided by 7248?
7012
Calculate the remainder when 583723 is divided by 1087.
4
Calculate the remainder when 2116597 is 